2, what is -100000010010110000110101011 - 11?
-100000010010110000110101110
In base 16, what is 3 - 4cd61df?
-4cd61dc
In base 7, what is -1251 + -52644?
-54225
In base 3, what is 20000210120 - 2200?
20000200220
In base 8, what is -2 - -53505621?
53505617
In base 10, what is -1332 - 335630?
-336962
In base 12, what is 52 + -1b50a7?
-1b5055
In base 14, what is 4309 + -817?
38d2
In base 3, what is -10202002221 + 2100?
-10202000121
In base 15, what is -12ad3 + -d68?
-1394b
In base 14, what is 13c412b + -9?
13c4122
In base 8, what is 4163157 + -4?
4163153
In base 16, what is 0 + 3ee5e14?
3ee5e14
In base 12, what is -1132211 + 7?
-1132206
In base 8, what is 1422263 - 126?
1422135
In base 3, what is -1000020 - -10120122?
2120102
In base 2, what is 1100000110011100011010 + 11?
1100000110011100011101
In base 15, what is 14933ab - 5?
14933a6
In base 7, what is -36332 - -26361?
-6641
In base 16, what is 1cbd2 - -7?
1cbd9
In base 6, what is 223 + -3353341?
-3353114
In base 8, what is -11 - 43747026?
-43747037
In base 2, what is -100 + 101111111011001111011000011?
101111111011001111010111111
In base 16, what is -b41258 + 4?
-b41254
In base 8, what is 12546616 - 3?
12546613
In base 11, what is -147a19 + -30?
-147a49
In base 8, what is 1441 + -5013?
-3352
In base 8, what is -101 - 23735?
-24036
In base 14, what is 983 + 355?
cd8
In base 14, what is -2 + -6642b0?
-6642b2
In base 6, what is 20014112 - 135?
20013533
In base 3, what is 1021 + -10001210110101?
-10001210102010
In base 10, what is 231 - -37083?
37314
In base 6, what is -4442552 - -2?
-4442550
In base 14, what is -11a561 + 0?
-11a561
In base 13, what is -13b3a2 + 9a?
-13b305
In base 10, what is 324922875 + 1?
324922876
In base 5, what is -12441 + -11221224?
-11234220
In base 11, what is 173a4 - 696?
16809
In base 5, what is 34210301 + 3440?
34214241
In base 8, what is -6 + 1032737?
1032731
In base 11, what is 247 + 60849?
60a95
In base 11, what is 1841133 - -10?
1841143
In base 3, what is -10 - 1222121011222210?
-1222121011222220
In base 12, what is 94a + 21494?
22222
In base 7, what is -5 - 130561615?
-130561623
In base 2, what is -1111010110001100111001 - 1011100?
-1111010110001110010101
In base 16, what is 33fd3e - -1f?
33fd5d
In base 16, what is -621f8c - -54?
-621f38
In base 15, what is -2 - 1ddb9a?
-1ddb9c
In base 15, what is -1ebce + 12e6?
-1d8d8
In base 6, what is 101 + 10031501?
10032002
In base 3, what is -122101202122020 + 12?
-122101202122001
In base 9, what is -5 - 22607416?
-22607422
In base 6, what is -32 + -110234214?
-110234250
In base 16, what is -1fcf5da + 3?
-1fcf5d7
In base 13, what is 4 - 25085b8?
-25085b4
In base 7, what is 2203134 - -234?
2203401
In base 9, what is 5 - 23451585?
-23451580
In base 7, what is 21611201 - -13?
21611214
In base 9, what is -425 - 1703583?
-1704118
In base 11, what is 513 + 287a9?
29211
In base 7, what is 0 - 11643204?
-11643204
In base 5, what is -1402433331410 + 2?
-1402433331403
In base 4, what is 10 + 23320021133312?
23320021133322
In base 6, what is -2 - 30041543?
-30041545
In base 2, what is 101 + -100110000111110011101011?
-100110000111110011100110
In base 9, what is -4 + -11866676?
-11866681
In base 13, what is 16b66 + 373?
17209
In base 2, what is -1001000101011100 + -10110110?
-1001001000010010
In base 2, what is -10000001111110111001 + -10?
-10000001111110111011
In base 8, what is -34012 - 2764?
-36776
In base 5, what is 24231322 - -110?
24231432
In base 16, what is 40 + 3ee92?
3eed2
In base 10, what is 4541336 + -12?
4541324
In base 9, what is -12580356 - -3?
-12580353
In base 3, what is -10212 + 212120121?
212102202
In base 6, what is -31050 - -1034235?
1003145
In base 3, what is -12 + -2210121001202121?
-2210121001202210
In base 3, what is -111122 - -101002102?
100120210
In base 5, what is 2203 + 101022?
103230
In base 12, what is 57bb + -2003?
37b8
In base 11, what is -824a1 + -77?
-82568
In base 12, what is -2251 + 8b1a?
6889
In base 9, what is -5 - -21015601?
21015585
In base 14, what is 1d711 + 2a?
1d73b
In base 2, what is -111110001110001111010 - -100?
-111110001110001110110
In base 4, what is 112120320 + 101130?
112222110
In base 15, what is -56866 - c7?
-5693d
In base 4, what is -103 - -222030312?
222030203
In base 8, what is -2 + -6243670?
-6243672
In base 8, what is 244050 + 4205?
250255
In base 4, what is -12131231231021 - 11?
-12131231231032
In base 16, what is 3 - 115e2f4?
-115e2f1
In base 10, what is 57 - 340604?
-340547
In base 16, what is 11 + 1ca1d1?
1ca1e2
In base 11, what is -17790609 - -16?
-177905a3
In base 5, what is -10304411312 - 34?
-10304411401
In base 5, what is -1311 + 1331300?
1324434
In base 13, what is -c9 + -36a834?
-36a930
In base 9, what is 170730 - -4678?
175518
In base 4, what is -32200 - -3132031?
3033231
In base 16, what is -9 + 18496b?
184962
In base 16, what is 46 - 936c4?
-9367e
In base 13, what is -120c + 211?
-ccb
In base 6, what is 2 + 2124142?
2124144
In base 3, what is 2 + 1000110111121012?
1000110111121021
In base 10, what is 102 + -1206893?
-1206791
In base 8, what is 14770 + -105050?
-70060
In base 5, what is -3241201 - 134434?
-3431140
In base 5, what is -3331100030340 - -2?
-3331100030333
In base 2, what is 11100111011 + -100100110110110?
-100001001111011
In base 2, what is 10110011 + -100111110001011?
-100111011011000
In base 14, what is c08c - 44?
c048
In base 9, what is 23648687 + -6?
23648681
In base 12, what is -3aabba + -1?
-3aabbb
In base 8, what is -1353 + -1441012?
-1442365
In base 2, what is 100 - 10111000000100000010010?
-10111000000100000001110
In base 7, what is 1 - 41256124?
-41256123
In base 9, what is -2266 - 43526?
-45803
In base 15, what is 637ebb8 - 4?
637ebb4
In base 10, what is -7 - 177634?
-177641
In base 11, what is -491418 - -a6?
-491322
In base 10, what is 27 - -14985458?
14985485
In base 6, what is -353212 + 104?
-353104
In base 7, what is -1631 - -154451?
152520
In base 8, what is 0 + 204426705?
204426705
In base 5, what is -20114034 - -20341?
-20043143
In base 3, what is -222022221 + 101110?
-221221111
In base 7, what is -16 + 32206245?
32206226
In base 10, what is -177200 + 206?
-176994
In base 8, what is -1 - -317040316?
317040315
In base 8, what is 213550537 + 4?
213550543
In base 13, what is 0 + -3b26560?
-3b26560
In base 10, what is 1098745 + -7?
1098738
In base 3, what is 22200102120 + -1?
22200102112
In base 4, what is -222 + -2122133121?
-2122200003
In base 4, what is -1202122201 - -11?
-1202122130
In base 12, what is -50 + -971973?
-971a03
In base 3, what is -1012111012210 - -111?
-1012111012022
In base 12, what is 10173595 - -3?
10173598
In base 11, what is 338 - 1753?
-1416
In base 7, what is -235320 - 4443?
-243063
In base 5, what is -4330110441 - 24?
-4330111020
In base 2, what is 100 + -1010110011000011010101?
-1010110011000011010001
In base 11, what is -4531 - -3650?
-991
In base 11, what is -a542 - -78a?
-9863
In base 6, what is 5510032001 + -10?
5510031551
In base 7, what is 1311150123 - -2?
1311150125
In base 11, what is 42a0a0 + 19?
42a109
In base 13, what is 48 + -1329?
-12b1
In base 11, what is -79a - 131604?
-1322a3
In base 10, what is 2 - -1147207?
1147209
In base 2, what is -1011000010111110 + 11110010101?
-1010100100101001
In base 3, what is 200101211 - 10111111100?
-2211002112
In base 2, what is -1111000100010100110011001 + 101110?
-1111000100010100101101011
In base 12, what is b + -68aba5?
-68ab96
In base 11, what is 97178a5 - 5?
97178a0
In base 11, what is 4 - 13359a00?
-133599a7
In base 6, what is -1 - -1530042205?
1530042204
In base 11, what is 3 + a318a7a3?
a318a7a6
In base 14, what is 1 + 2309809d?
230980a0
In base 13, what is 5001 + -2a0?
4a31
In base 12, what is 35a5a7 - 23?
35a584
In base 7, what is -140 + 63031?
62561
In base 2, what is 10111001 + -100111001010001001111?
-100111001001110010110
In base 16, what is 27dfb85 - 0?
27dfb85
In base 2, what is -1101010011011111110 - 10001010110?
-1101010101101010100
In base 15, what is -e9d + 47ec?
384e
In base 14, what is -2b9733 - -4a?
-2b96c7
In base 12, what is 149917a - 45?
1499135
In base 3, what is 101010202012 + -1001?
101010201011
In base 13, what is -1c - 2199a4?
-2199c3
In base 11, what is -137 - 17a1a6?
-17a332
In base 4, what is 11 + 200030312312?
200030312323
In b